{"id":40,"date":"2021-10-19T12:16:40","date_gmt":"2021-10-19T10:16:40","guid":{"rendered":"http:\/\/sterilizzatrici.com\/?page_id=40"},"modified":"2025-10-24T09:51:10","modified_gmt":"2025-10-24T09:51:10","slug":"home-2","status":"publish","type":"page","link":"https:\/\/sterilizzatrici.com\/","title":{"rendered":"Autoclavi Sterilizzatrici"},"content":{"rendered":"\t\t<div data-elementor-type=\"wp-page\" data-elementor-id=\"40\" class=\"elementor elementor-40\">\n\t\t\t\t<div class=\"elementor-element elementor-element-671bca7f e-flex e-con-boxed e-con e-parent\" data-id=\"671bca7f\" data-element_type=\"container\" data-e-type=\"container\">\n\t\t\t\t\t<div class=\"e-con-inner\">\n\t\t\t\t<div class=\"elementor-element elementor-element-f578c4f elementor-widget elementor-widget-image\" data-id=\"f578c4f\" data-element_type=\"widget\" data-e-type=\"widget\" data-widget_type=\"image.default\">\n\t\t\t\t\t\t\t\t\t\t\t\t\t\t\t<img fetchpriority=\"high\" decoding=\"async\" width=\"800\" height=\"245\" src=\"https:\/\/sterilizzatrici.com\/wp-content\/uploads\/2025\/10\/banner3-1-1-1-1.jpg\" class=\"attachment-large size-large wp-image-173\" alt=\"\" srcset=\"https:\/\/sterilizzatrici.com\/wp-content\/uploads\/2025\/10\/banner3-1-1-1-1.jpg 820w, https:\/\/sterilizzatrici.com\/wp-content\/uploads\/2025\/10\/banner3-1-1-1-1-300x92.jpg 300w, https:\/\/sterilizzatrici.com\/wp-content\/uploads\/2025\/10\/banner3-1-1-1-1-768x235.jpg 768w\" sizes=\"(max-width: 800px) 100vw, 800px\" \/>\t\t\t\t\t\t\t\t\t\t\t\t\t\t\t<\/div>\n\t\t\t\t<div class=\"elementor-element elementor-element-a2623d9 elementor-align-center elementor-widget elementor-widget-button\" data-id=\"a2623d9\" data-element_type=\"widget\" data-e-type=\"widget\" data-widget_type=\"button.default\">\n\t\t\t\t\t\t\t\t\t\t<a class=\"elementor-button elementor-button-link elementor-size-sm\" href=\"#ns-form\">\n\t\t\t\t\t\t<span class=\"elementor-button-content-wrapper\">\n\t\t\t\t\t\t\t\t\t<span class=\"elementor-button-text\">Richiedi Informazioni<\/span>\n\t\t\t\t\t<\/span>\n\t\t\t\t\t<\/a>\n\t\t\t\t\t\t\t\t<\/div>\n\t\t\t\t<div class=\"elementor-element elementor-element-9822c33 elementor-widget elementor-widget-text-editor\" data-id=\"9822c33\" data-element_type=\"widget\" data-e-type=\"widget\" data-widget_type=\"text-editor.default\">\n\t\t\t\t\t\t\t\t\t\n<figure class=\"wp-block-image alignfull size-large\"><\/figure>\n\n<p class=\"has-text-align-center\">Le nostre autoclavi sono progettate per studi dentistici, studi veterinari, studi podologici,<br \/>centri estetici, studi tattoo e piercing. Forniscono un <strong>ciclo rapido<\/strong> per sterilizzare la tua attrezzatura.<\/p>\n\t\t\t\t\t\t\t\t<\/div>\n\t\t<div class=\"elementor-element elementor-element-01a80f7 e-con-full e-flex e-con e-child\" data-id=\"01a80f7\" data-element_type=\"container\" data-e-type=\"container\">\n\t\t<div class=\"elementor-element elementor-element-9bac87a e-grid e-con-full e-con e-child\" data-id=\"9bac87a\" data-element_type=\"container\" data-e-type=\"container\">\n\t\t\t\t<div class=\"elementor-element elementor-element-e5e4a0f elementor-position-top elementor-widget elementor-widget-image-box\" data-id=\"e5e4a0f\" data-element_type=\"widget\" data-e-type=\"widget\" data-widget_type=\"image-box.default\">\n\t\t\t\t\t<div class=\"elementor-image-box-wrapper\"><figure class=\"elementor-image-box-img\"><a href=\"https:\/\/sterilizzatrici.com\/wp-content\/uploads\/2025\/10\/yeson-deneb-8l.pdf\" target=\"_blank\" tabindex=\"-1\"><img decoding=\"async\" width=\"1036\" height=\"808\" src=\"https:\/\/sterilizzatrici.com\/wp-content\/uploads\/2025\/10\/Screenshot-2025-10-20-alle-16.41.54.png\" class=\"attachment-full size-full wp-image-174\" alt=\"\" srcset=\"https:\/\/sterilizzatrici.com\/wp-content\/uploads\/2025\/10\/Screenshot-2025-10-20-alle-16.41.54.png 1036w, https:\/\/sterilizzatrici.com\/wp-content\/uploads\/2025\/10\/Screenshot-2025-10-20-alle-16.41.54-300x234.png 300w, https:\/\/sterilizzatrici.com\/wp-content\/uploads\/2025\/10\/Screenshot-2025-10-20-alle-16.41.54-1024x799.png 1024w, https:\/\/sterilizzatrici.com\/wp-content\/uploads\/2025\/10\/Screenshot-2025-10-20-alle-16.41.54-768x599.png 768w\" sizes=\"(max-width: 1036px) 100vw, 1036px\" \/><\/a><\/figure><div class=\"elementor-image-box-content\"><h3 class=\"elementor-image-box-title\"><a href=\"https:\/\/sterilizzatrici.com\/wp-content\/uploads\/2025\/10\/yeson-deneb-8l.pdf\" target=\"_blank\">Sterilizzatrice 8 L<\/a><\/h3><p class=\"elementor-image-box-description\">Dimensioni esterne  64 cm (P) x 43,5 cm (L) x 36 cm (H) - \nProfondit\u00e0 della camera: 32 cm - \nVolume della camera: 8 litri - Diametro della camera: 17 cm - \nDimensioni minime di appoggio: 42 cm (P)x 40 cm (L) - Peso netto: 34 Kg - Display a Led 6 cm X 4,25 cm <\/p><\/div><\/div>\t\t\t\t<\/div>\n\t\t\t\t<div class=\"elementor-element elementor-element-0b32c0e elementor-position-top elementor-widget elementor-widget-image-box\" data-id=\"0b32c0e\" data-element_type=\"widget\" data-e-type=\"widget\" data-widget_type=\"image-box.default\">\n\t\t\t\t\t<div class=\"elementor-image-box-wrapper\"><figure class=\"elementor-image-box-img\"><a href=\"https:\/\/sterilizzatrici.com\/wp-content\/uploads\/2025\/10\/yeson-deneb-12l.pdf\" target=\"_blank\" tabindex=\"-1\"><img decoding=\"async\" width=\"1036\" height=\"808\" src=\"https:\/\/sterilizzatrici.com\/wp-content\/uploads\/2025\/10\/Screenshot-2025-10-20-alle-16.41.54.png\" class=\"attachment-full size-full wp-image-174\" alt=\"\" srcset=\"https:\/\/sterilizzatrici.com\/wp-content\/uploads\/2025\/10\/Screenshot-2025-10-20-alle-16.41.54.png 1036w, https:\/\/sterilizzatrici.com\/wp-content\/uploads\/2025\/10\/Screenshot-2025-10-20-alle-16.41.54-300x234.png 300w, https:\/\/sterilizzatrici.com\/wp-content\/uploads\/2025\/10\/Screenshot-2025-10-20-alle-16.41.54-1024x799.png 1024w, https:\/\/sterilizzatrici.com\/wp-content\/uploads\/2025\/10\/Screenshot-2025-10-20-alle-16.41.54-768x599.png 768w\" sizes=\"(max-width: 1036px) 100vw, 1036px\" \/><\/a><\/figure><div class=\"elementor-image-box-content\"><h3 class=\"elementor-image-box-title\"><a href=\"https:\/\/sterilizzatrici.com\/wp-content\/uploads\/2025\/10\/yeson-deneb-12l.pdf\" target=\"_blank\">Sterilizzatrice 12 L<\/a><\/h3><p class=\"elementor-image-box-description\">Dimensioni esterne: 67,5 cm (P) x 50 cm (L) x 42,5 cm (H) - \nProfondit\u00e0 della camera: 36 cm - \nVolume della camera: 12 litri - \nDiametro della camera: 20 cm - \nDim. minime di appoggio: 47,5 cm (P) x 43,5 cm (L) - \nPeso netto: 51 Kg - \nDisplay a Led  6 cm X 4,25 cm <\/p><\/div><\/div>\t\t\t\t<\/div>\n\t\t\t\t<div class=\"elementor-element elementor-element-16632df elementor-position-top elementor-widget elementor-widget-image-box\" data-id=\"16632df\" data-element_type=\"widget\" data-e-type=\"widget\" data-widget_type=\"image-box.default\">\n\t\t\t\t\t<div class=\"elementor-image-box-wrapper\"><figure class=\"elementor-image-box-img\"><a href=\"https:\/\/sterilizzatrici.com\/wp-content\/uploads\/2025\/10\/yeson-deneb-22l.pdf\" target=\"_blank\" tabindex=\"-1\"><img decoding=\"async\" width=\"1036\" height=\"808\" src=\"https:\/\/sterilizzatrici.com\/wp-content\/uploads\/2025\/10\/Screenshot-2025-10-20-alle-16.41.54.png\" class=\"attachment-full size-full wp-image-174\" alt=\"\" srcset=\"https:\/\/sterilizzatrici.com\/wp-content\/uploads\/2025\/10\/Screenshot-2025-10-20-alle-16.41.54.png 1036w, https:\/\/sterilizzatrici.com\/wp-content\/uploads\/2025\/10\/Screenshot-2025-10-20-alle-16.41.54-300x234.png 300w, https:\/\/sterilizzatrici.com\/wp-content\/uploads\/2025\/10\/Screenshot-2025-10-20-alle-16.41.54-1024x799.png 1024w, https:\/\/sterilizzatrici.com\/wp-content\/uploads\/2025\/10\/Screenshot-2025-10-20-alle-16.41.54-768x599.png 768w\" sizes=\"(max-width: 1036px) 100vw, 1036px\" \/><\/a><\/figure><div class=\"elementor-image-box-content\"><h3 class=\"elementor-image-box-title\"><a href=\"https:\/\/sterilizzatrici.com\/wp-content\/uploads\/2025\/10\/yeson-deneb-22l.pdf\" target=\"_blank\">Sterilizzatrice 22 L<\/a><\/h3><p class=\"elementor-image-box-description\">Dimensioni esterne: 70,0 cm (P) x 50 cm (L) x 42,5 cm (H) - \nProfondit\u00e0 della camera: 45,5 cm - \nVolume della camera: 22 litri - \nDiametro della camera: 25 cm - \nDim. minime di appoggio: 50,5 cm (P) x 43,5 cm (L) - \nPeso netto: 59 Kg - \nDisplay a Led  6 cm X 4,25 cm <\/p><\/div><\/div>\t\t\t\t<\/div>\n\t\t\t\t<\/div>\n\t\t\t\t<\/div>\n\t\t\t\t<div class=\"elementor-element elementor-element-d091a0d elementor-widget elementor-widget-image\" data-id=\"d091a0d\" data-element_type=\"widget\" data-e-type=\"widget\" data-widget_type=\"image.default\">\n\t\t\t\t\t\t\t\t\t\t\t\t\t\t\t<img decoding=\"async\" width=\"800\" height=\"209\" src=\"https:\/\/sterilizzatrici.com\/wp-content\/uploads\/2025\/10\/it_1-2-warranty_1920x300-1024x267.jpg\" class=\"attachment-large size-large wp-image-84\" alt=\"\" srcset=\"https:\/\/sterilizzatrici.com\/wp-content\/uploads\/2025\/10\/it_1-2-warranty_1920x300-1024x267.jpg 1024w, https:\/\/sterilizzatrici.com\/wp-content\/uploads\/2025\/10\/it_1-2-warranty_1920x300-300x78.jpg 300w, https:\/\/sterilizzatrici.com\/wp-content\/uploads\/2025\/10\/it_1-2-warranty_1920x300-768x200.jpg 768w, https:\/\/sterilizzatrici.com\/wp-content\/uploads\/2025\/10\/it_1-2-warranty_1920x300-1536x400.jpg 1536w, https:\/\/sterilizzatrici.com\/wp-content\/uploads\/2025\/10\/it_1-2-warranty_1920x300.jpg 1920w\" sizes=\"(max-width: 800px) 100vw, 800px\" \/>\t\t\t\t\t\t\t\t\t\t\t\t\t\t\t<\/div>\n\t\t<div class=\"elementor-element elementor-element-e67c2e0 e-con-full e-flex e-con e-child\" data-id=\"e67c2e0\" data-element_type=\"container\" data-e-type=\"container\">\n\t\t<div class=\"elementor-element elementor-element-fe0ac69 e-grid e-con-full e-con e-child\" data-id=\"fe0ac69\" data-element_type=\"container\" data-e-type=\"container\">\n\t\t\t\t<div class=\"elementor-element elementor-element-583b776 elementor-position-top elementor-widget elementor-widget-image-box\" data-id=\"583b776\" data-element_type=\"widget\" data-e-type=\"widget\" data-widget_type=\"image-box.default\">\n\t\t\t\t\t<div class=\"elementor-image-box-wrapper\"><figure class=\"elementor-image-box-img\"><img loading=\"lazy\" decoding=\"async\" width=\"879\" height=\"800\" src=\"https:\/\/sterilizzatrici.com\/wp-content\/uploads\/2025\/10\/assistenza-nera800ok.jpg\" class=\"attachment-full size-full wp-image-96\" alt=\"\" srcset=\"https:\/\/sterilizzatrici.com\/wp-content\/uploads\/2025\/10\/assistenza-nera800ok.jpg 879w, https:\/\/sterilizzatrici.com\/wp-content\/uploads\/2025\/10\/assistenza-nera800ok-300x273.jpg 300w, https:\/\/sterilizzatrici.com\/wp-content\/uploads\/2025\/10\/assistenza-nera800ok-768x699.jpg 768w\" sizes=\"(max-width: 879px) 100vw, 879px\" \/><\/figure><div class=\"elementor-image-box-content\"><h3 class=\"elementor-image-box-title\">Servizio Riparazioni<\/h3><p class=\"elementor-image-box-description\">Offriamo un servizio di riparazione, veloce ed efficiente, baster\u00e0 inviarci una e-mail con la vostra richiesta e vi contatteremo al pi\u00f9 presto. I problemi pi\u00f9 piccoli o generalmente noti, spesso, vengono risolti per telefono o e-mail. In altri casi l\u2019autoclave dovr\u00e0 essere inviata al nostro centro assistenza per poi ricevere un preventivo dettagliato.<\/p><\/div><\/div>\t\t\t\t<\/div>\n\t\t\t\t<div class=\"elementor-element elementor-element-d30d175 elementor-position-top elementor-widget elementor-widget-image-box\" data-id=\"d30d175\" data-element_type=\"widget\" data-e-type=\"widget\" data-widget_type=\"image-box.default\">\n\t\t\t\t\t<div class=\"elementor-image-box-wrapper\"><figure class=\"elementor-image-box-img\"><img loading=\"lazy\" decoding=\"async\" width=\"879\" height=\"800\" src=\"https:\/\/sterilizzatrici.com\/wp-content\/uploads\/2025\/10\/assistenza-tecnica-omino800ok.jpg\" class=\"attachment-full size-full wp-image-97\" alt=\"\" srcset=\"https:\/\/sterilizzatrici.com\/wp-content\/uploads\/2025\/10\/assistenza-tecnica-omino800ok.jpg 879w, https:\/\/sterilizzatrici.com\/wp-content\/uploads\/2025\/10\/assistenza-tecnica-omino800ok-300x273.jpg 300w, https:\/\/sterilizzatrici.com\/wp-content\/uploads\/2025\/10\/assistenza-tecnica-omino800ok-768x699.jpg 768w\" sizes=\"(max-width: 879px) 100vw, 879px\" \/><\/figure><div class=\"elementor-image-box-content\"><h3 class=\"elementor-image-box-title\">Contratti manutenzione<\/h3><p class=\"elementor-image-box-description\">Offriamo contratti di servizio di manutenzione annuale. Il servizio assicura che i difetti o l\u2019usura vengano rilevati in una fase precoce. Inoltre, la manutenzione professionale prolunga la durata della tua autoclave e puoi essere certo di poter sempre fare affidamento sulla tua attrezzatura. Sei interessato a un contratto di manutenzione?  Chiedi maggiori dettagli!<\/p><\/div><\/div>\t\t\t\t<\/div>\n\t\t\t\t<div class=\"elementor-element elementor-element-cb911dc elementor-position-top elementor-widget elementor-widget-image-box\" data-id=\"cb911dc\" data-element_type=\"widget\" data-e-type=\"widget\" data-widget_type=\"image-box.default\">\n\t\t\t\t\t<div class=\"elementor-image-box-wrapper\"><figure class=\"elementor-image-box-img\"><img loading=\"lazy\" decoding=\"async\" width=\"879\" height=\"800\" src=\"https:\/\/sterilizzatrici.com\/wp-content\/uploads\/2025\/10\/assistenza-tecnica-800ok.jpg\" class=\"attachment-full size-full wp-image-94\" alt=\"\" srcset=\"https:\/\/sterilizzatrici.com\/wp-content\/uploads\/2025\/10\/assistenza-tecnica-800ok.jpg 879w, https:\/\/sterilizzatrici.com\/wp-content\/uploads\/2025\/10\/assistenza-tecnica-800ok-300x273.jpg 300w, https:\/\/sterilizzatrici.com\/wp-content\/uploads\/2025\/10\/assistenza-tecnica-800ok-768x699.jpg 768w\" sizes=\"(max-width: 879px) 100vw, 879px\" \/><\/figure><div class=\"elementor-image-box-content\"><h3 class=\"elementor-image-box-title\">Garanzia 12 mesi<\/h3><p class=\"elementor-image-box-description\">Nei primi dodici mesi dalla data di acquisto, in caso di guasto forniremo gratuitamente apparecchio sostitutivo per il tempo minimo necessario alla riparazione\/sostituzione in garanzia. Sono escluse dalla garanzie le parti di normale consumo come la guarnizione della porta e il filtro dell'aria.<\/p><\/div><\/div>\t\t\t\t<\/div>\n\t\t\t\t<\/div>\n\t\t\t\t<\/div>\n\t\t\t\t<div class=\"elementor-element elementor-element-8be14b0 elementor-widget elementor-widget-text-editor\" data-id=\"8be14b0\" data-element_type=\"widget\" data-e-type=\"widget\" data-widget_type=\"text-editor.default\">\n\t\t\t\t\t\t\t\t\t<p id=\"garanzia-e-riparazione\" class=\"has-text-align-center has-huge-font-size\" style=\"text-align: center;\"><strong>Garanzia e Riparazione<\/strong><\/p>\n<p><!-- \/wp:paragraph --><!-- wp:spacer {\"height\":\"12px\"} --><\/p>\n<div class=\"wp-block-spacer\" style=\"height: 12px; text-align: center;\" aria-hidden=\"true\">\u00a0<\/div>\n<p><!-- \/wp:spacer --><!-- wp:paragraph --><\/p>\n<p style=\"text-align: center;\"><strong>Un&#8217;autoclave ben funzionante \u00e8 fondamentale per il tuo lavoro<\/strong>. Un guasto comporta<br \/>un&#8217;interruzione del lavoro con effetto diretto sul tuo business. Proprio per questo, grazie<br \/>al nostro centro tecnico autorizzato, in caso di problemi con la tua nuova autoclave,<br \/>siamo in grado di risolverli il pi\u00f9 rapidamente possibile. Di seguito troverai i dettagli della<br \/>nostra <strong>garanzia standard di 1 anno<\/strong>. Realisticamente, per\u00f2, le apparecchiature vanno<br \/>sotto stress dopo un uso intenso e per evitare guasti forniamo assistenza telefonica da<br \/>remoto gratuita e\/o contratti di manutenzione.<\/p>\t\t\t\t\t\t\t\t<\/div>\n\t\t\t\t<div class=\"elementor-element elementor-element-48bb51b elementor-widget elementor-widget-htmega-contactform-addons\" data-id=\"48bb51b\" data-element_type=\"widget\" data-e-type=\"widget\" id=\"ns-form\" data-widget_type=\"htmega-contactform-addons.default\">\n\t\t\t\t<div class=\"elementor-widget-container\">\n\t\t\t\t\t            <div class=\"htmega-form-wrapper sid48bb51b htmega-form-style-1\" >\n                \n<div class=\"wpcf7 no-js\" id=\"wpcf7-f121-o1\" lang=\"it-IT\" dir=\"ltr\" data-wpcf7-id=\"121\">\n<div class=\"screen-reader-response\"><p role=\"status\" aria-live=\"polite\" aria-atomic=\"true\"><\/p> <ul><\/ul><\/div>\n<form action=\"\/index.php?rest_route=%2Fwp%2Fv2%2Fpages%2F40#wpcf7-f121-o1\" method=\"post\" class=\"wpcf7-form init\" aria-label=\"Modulo di contatto\" novalidate=\"novalidate\" data-status=\"init\">\n<fieldset class=\"hidden-fields-container\"><input type=\"hidden\" name=\"_wpcf7\" value=\"121\" \/><input type=\"hidden\" name=\"_wpcf7_version\" value=\"6.1.5\" \/><input type=\"hidden\" name=\"_wpcf7_locale\" value=\"it_IT\" \/><input type=\"hidden\" name=\"_wpcf7_unit_tag\" value=\"wpcf7-f121-o1\" \/><input type=\"hidden\" name=\"_wpcf7_container_post\" value=\"0\" \/><input type=\"hidden\" name=\"_wpcf7_posted_data_hash\" value=\"\" \/><input type=\"hidden\" name=\"_wpcf7_recaptcha_response\" value=\"\" \/>\n<\/fieldset>\n<div style=\"display: flex; flex-wrap: wrap; gap: 20px; justify-content: center;\">\n\n <!-- Colonna sinistra -->\n\t<div style=\"flex: 1; min-width: 250px;\">\n\t\t<p><label> Nome<br \/>\n<span class=\"wpcf7-form-control-wrap\" data-name=\"your-name\"><input size=\"40\" maxlength=\"400\" class=\"wpcf7-form-control wpcf7-text wpcf7-validates-as-required\" autocomplete=\"name\" aria-required=\"true\" aria-invalid=\"false\" value=\"\" type=\"text\" name=\"your-name\" \/><\/span><br \/>\n<\/label>\n\t\t<\/p>\n\t\t<p><label> E-mail<br \/>\n<span class=\"wpcf7-form-control-wrap\" data-name=\"your-email\"><input size=\"40\" maxlength=\"400\" class=\"wpcf7-form-control wpcf7-email wpcf7-validates-as-required wpcf7-text wpcf7-validates-as-email\" autocomplete=\"email\" aria-required=\"true\" aria-invalid=\"false\" value=\"\" type=\"email\" name=\"your-email\" \/><\/span><br \/>\n<\/label>\n\t\t<\/p>\n\t\t<p><label> Telefono<br \/>\n<span class=\"wpcf7-form-control-wrap\" data-name=\"tel-681\"><input size=\"40\" maxlength=\"400\" class=\"wpcf7-form-control wpcf7-tel wpcf7-text wpcf7-validates-as-tel\" aria-invalid=\"false\" value=\"\" type=\"tel\" name=\"tel-681\" \/><\/span><br \/>\n<\/label>\n\t\t<\/p>\n\t<\/div>\n\n <!-- Colonna destra -->\n\t<div style=\"flex: 1; min-width: 250px;\">\n\t\t<p><label> Richieste<br \/>\n<span class=\"wpcf7-form-control-wrap\" data-name=\"your-message\"><textarea cols=\"40\" rows=\"10\" maxlength=\"2000\" class=\"wpcf7-form-control wpcf7-textarea\" aria-invalid=\"false\" name=\"your-message\"><\/textarea><\/span><br \/>\n<\/label>\n\t\t<\/p>\n\t<\/div>\n<\/div>\n\n<!-- Pulsante centrato -->\n<div style=\"text-align: center; margin-top: 20px;\">\n\t<p><input class=\"wpcf7-form-control wpcf7-submit has-spinner\" type=\"submit\" value=\"Invia\" \/>\n\t<\/p>\n<\/div>\n\n<!-- Stile inline per uniformare l'altezza -->\n<style>\n.elementor-40 .elementor-element.elementor-element-48bb51b .wpcf7-form .wpcf7-form-control-wrap textarea {\n height: 285px;\n min-height: 175px;\n width: 450px;\n}\n<\/style><p style=\"display: none !important;\" class=\"akismet-fields-container\" data-prefix=\"_wpcf7_ak_\"><label>&#916;<textarea name=\"_wpcf7_ak_hp_textarea\" cols=\"45\" rows=\"8\" maxlength=\"100\"><\/textarea><\/label><input type=\"hidden\" id=\"ak_js_1\" name=\"_wpcf7_ak_js\" value=\"97\"\/><script>document.getElementById( \"ak_js_1\" ).setAttribute( \"value\", ( new Date() ).getTime() );<\/script><\/p><div class=\"wpcf7-response-output\" aria-hidden=\"true\"><\/div>\n<\/form>\n<\/div>\n            <\/div>\n\n\n        \t\t\t\t<\/div>\n\t\t\t\t<\/div>\n\t\t\t\t\t<\/div>\n\t\t\t\t<\/div>\n\t\t<div class=\"elementor-element elementor-element-26e7eca e-flex e-con-boxed e-con e-parent\" data-id=\"26e7eca\" data-element_type=\"container\" data-e-type=\"container\">\n\t\t\t\t\t<div class=\"e-con-inner\">\n\t\t\t\t<div class=\"elementor-element elementor-element-f48692a elementor-widget elementor-widget-google_maps\" data-id=\"f48692a\" data-element_type=\"widget\" data-e-type=\"widget\" data-widget_type=\"google_maps.default\">\n\t\t\t\t\t\t\t<div class=\"elementor-custom-embed\">\n\t\t\t<iframe loading=\"lazy\"\n\t\t\t\t\tsrc=\"https:\/\/maps.google.com\/maps?q=Via%20Bonifacio%2019%20R%2C%2016142%20Genova&#038;t=m&#038;z=12&#038;output=embed&#038;iwloc=near\"\n\t\t\t\t\ttitle=\"Via Bonifacio 19 R, 16142 Genova\"\n\t\t\t\t\taria-label=\"Via Bonifacio 19 R, 16142 Genova\"\n\t\t\t><\/iframe>\n\t\t<\/div>\n\t\t\t\t\t\t<\/div>\n\t\t\t\t\t<\/div>\n\t\t\t\t<\/div>\n\t\t\t\t<\/div>\n\t\t","protected":false},"excerpt":{"rendered":"<p>Richiedi Informazioni Le nostre autoclavi sono progettate per studi dentistici, studi veterinari, studi podologici,centri estetici, studi tattoo e piercing. Forniscono un ciclo rapido per sterilizzare la tua attrezzatura. Sterilizzatrice 8 L Dimensioni esterne 64 cm (P) x 43,5 cm (L) x 36 cm (H) &#8211; Profondit\u00e0 della camera: 32 cm &#8211; Volume della camera: 8 [&hellip;]<\/p>\n","protected":false},"author":1,"featured_media":0,"parent":0,"menu_order":0,"comment_status":"closed","ping_status":"closed","template":"","meta":{"footnotes":""},"class_list":["post-40","page","type-page","status-publish","hentry"],"_links":{"self":[{"href":"https:\/\/sterilizzatrici.com\/index.php?rest_route=\/wp\/v2\/pages\/40","targetHints":{"allow":["GET"]}}],"collection":[{"href":"https:\/\/sterilizzatrici.com\/index.php?rest_route=\/wp\/v2\/pages"}],"about":[{"href":"https:\/\/sterilizzatrici.com\/index.php?rest_route=\/wp\/v2\/types\/page"}],"author":[{"embeddable":true,"href":"https:\/\/sterilizzatrici.com\/index.php?rest_route=\/wp\/v2\/users\/1"}],"replies":[{"embeddable":true,"href":"https:\/\/sterilizzatrici.com\/index.php?rest_route=%2Fwp%2Fv2%2Fcomments&post=40"}],"version-history":[{"count":114,"href":"https:\/\/sterilizzatrici.com\/index.php?rest_route=\/wp\/v2\/pages\/40\/revisions"}],"predecessor-version":[{"id":230,"href":"https:\/\/sterilizzatrici.com\/index.php?rest_route=\/wp\/v2\/pages\/40\/revisions\/230"}],"wp:attachment":[{"href":"https:\/\/sterilizzatrici.com\/index.php?rest_route=%2Fwp%2Fv2%2Fmedia&parent=40"}],"curies":[{"name":"wp","href":"https:\/\/api.w.org\/{rel}","templated":true}]}}